
17, 173
List the prime factors of 37532.
2, 11, 853
List the prime factors of 7080.
2, 3, 5, 59
What are the prime factors of 620?
2, 5, 31
List the prime factors of 6468.
2, 3, 7, 11
What are the prime factors of 264?
2, 3, 11
List the prime factors of 99298.
2, 131, 379
List the prime factors of 2095.
5, 419
List the prime factors of 24920.
2, 5, 7, 89
What are the prime factors of 2060?
2, 5, 103
What are the prime factors of 20175?
3, 5, 269
List the prime factors of 5812.
2, 1453
What are the prime factors of 83189?
41, 2029
What are the prime factors of 778?
2, 389
What are the prime factors of 17159?
17159
What are the prime factors of 2324?
2, 7, 83
What are the prime factors of 370?
2, 5, 37
List the prime factors of 4821.
3, 1607
What are the prime factors of 97730?
2, 5, 29, 337
What are the prime factors of 12395?
5, 37, 67
What are the prime factors of 44667?
3, 7, 709
List the prime factors of 14142.
2, 3, 2357
What are the prime factors of 14246?
2, 17, 419
What are the prime factors of 6053?
6053
List the prime factors of 2072.
2, 7, 37
What are the prime factors of 4131?
3, 17
List the prime factors of 6463.
23, 281
What are the prime factors of 1037?
17, 61
What are the prime factors of 9166?
2, 4583
List the prime factors of 61231.
61231
What are the prime factors of 1494?
2, 3, 83
What are the prime factors of 5199?
3, 1733
List the prime factors of 6401.
37, 173
What are the prime factors of 43856?
2, 2741
List the prime factors of 680.
2, 5, 17
What are the prime factors of 136076?
2, 34019
What are the prime factors of 71004?
2, 3, 61, 97
List the prime factors of 20334.
2, 3, 3389
What are the prime factors of 5767?
73, 79
List the prime factors of 71783.
23, 3121
What are the prime factors of 2995?
5, 599
List the prime factors of 30485.
5, 7, 13, 67
List the prime factors of 35495.
5, 31, 229
What are the prime factors of 4894?
2, 2447
List the prime factors of 4677.
3, 1559
List the prime factors of 521.
521
List the prime factors of 64803.
3, 21601
List the prime factors of 8516.
2, 2129
List the prime factors of 986.
2, 17, 29
List the prime factors of 273.
3, 7, 13
List the prime factors of 22292.
2, 5573
What are the prime factors of 27054?
2, 3, 167
List the prime factors of 54486.
2, 3, 1009
List the prime factors of 1455.
3, 5, 97
List the prime factors of 396.
2, 3, 11
List the prime factors of 21450.
2, 3, 5, 11, 13
What are the prime factors of 5683?
5683
List the prime factors of 16792.
2, 2099
List the prime factors of 1263.
3, 421
What are the prime factors of 82?
2, 41
What are the prime factors of 17788?
2, 4447
List the prime factors of 161.
7, 23
List the prime factors of 8006.
2, 4003
List the prime factors of 1659.
3, 7, 79
What are the prime factors of 870?
2, 3, 5, 29
What are the prime factors of 2386?
2, 1193
List the prime factors of 4550.
2, 5, 7, 13
What are the prime factors of 91247?
13, 7019
List the prime factors of 49240.
2, 5, 1231
List the prime factors of 4732.
2, 7, 13
What are the prime factors of 8016?
2, 3, 167
What are the prime factors of 152315?
5, 41, 743
What are the prime factors of 5084?
2, 31, 41
List the prime factors of 12788.
2, 23, 139
What are the prime factors of 44743?
101, 443
What are the prime factors of 21446?
2, 10723
What are the prime factors of 1029?
3, 7
List the prime factors of 35396.
2, 8849
What are the prime factors of 653?
653
List the prime factors of 517.
11, 47
What are the prime factors of 3389?
3389
What are the prime factors of 104852?
2, 11, 2383
What are the prime factors of 4510?
2, 5, 11, 41
List the prime factors of 2960.
2, 5, 37
What are the prime factors of 1410?
2, 3, 5, 47
List the prime factors of 1341.
3, 149
What are the prime factors of 1136?
2, 71
What are the prime factors of 29982?
2, 3, 19, 263
List the prime factors of 847.
7, 11
What are the prime factors of 3941?
7, 563
List the prime factors of 26548.
2, 6637
List the prime factors of 366.
2, 3, 61
What are the prime factors of 631?
631
What are the prime factors of 8781?
3, 2927
List the prime factors of 17474.
2, 8737
What are the prime factors of 42154?
2, 7, 3011
What are the prime factors of 779?
19, 41
List the prime factors of 65544.
2, 3, 2731
List the prime factors of 40668.
2, 3, 3389
List the prime factors of 674.
2, 337
List the prime factors of 22632.
2, 3, 23, 41
List the prime factors of 37360.
2, 5, 467
List the prime factors of 2132.
2, 13, 41
What are the prime factors of 95271?
3, 11, 2887
List the prime factors of 8164.
2, 13, 157
What are the prime factors of 29791?
31
List the prime factors of 20002.
2, 73, 137
What are the prime factors of 15353?
13, 1181
List the prime factors of 5871.
3, 19, 103
List the prime factors of 31745.
5, 7, 907
List the prime factors of 175.
5, 7
List the prime factors of 828.
2, 3, 23
What are the prime factors of 96?
2, 3
What are the prime factors of 147720?
2, 3, 5, 1231
What are the prime factors of 1925?
5, 7, 11
List the prime factors of 141.
3, 47
List the prime factors of 5907.
3, 11, 179
What are the prime factors of 13465?
5, 2693
List the prime factors of 902.
2, 11, 41
What are the prime factors of 57095?
5, 19, 601
List the prime factors of 827.
827
List the prime factors of 2329.
17, 137
List the prime factors of 17278.
2, 53, 163
What are the prime factors of 1587?
3, 23
List the prime factors of 164.
2, 41
What are the prime factors of 12691?
7, 37
What are the prime factors of 775?
5, 31
List the prime factors of 1857.
3, 619
List the prime factors of 1118.
2, 13, 43
List the prime factors of 469.
7, 67
List the prime factors of 1051.
1051
List the prime factors of 879.
3, 293
List the prime factors of 3850.
2, 5, 7, 11
What are the prime factors of 4586?
2, 2293
List the prime factors of 5838.
2, 3, 7, 139
What are the prime factors of 10316?
2, 2579
What are the prime factors of 5580?
2, 3, 5, 31
What are the prime factors of 95576?
2, 13, 919
List the prime factors of 60776.
2, 71, 107
What are the prime factors of 1130?
2, 5, 113
List the prime factors of 67479.
3, 83, 271
What are the prime factors of 2477?
2477
List the prime factors of 50799.
3, 7, 41, 59
List the prime factors of 1774.
2, 887
What are the prime factors of 2456?
2, 307
What are the prime factors of 10369?
10369
What are the prime factors of 175448?
2, 7, 13, 241
List the prime factors of 636.
2, 3, 53
What are the prime factors of 1934?
2, 967
What are the prime factors of 148133?
41, 3613
List the prime factors of 7619.
19, 401
What are the prime factors of 2149?
7, 307
List the prime factors of 9160.
2, 5, 229
List the prime factors of 18451.
18451
What are the prime factors of 10781?
10781
List the prime factors of 59693.
59693
What are the prime factors of 27882?
2, 3, 1549
List the prime factors of 843.
3, 281
What are the prime factors of 53547?
3, 13, 1373
What are the prime factors of 6861?
3, 2287
List the prime factors of 46976.
2, 367
List the prime factors of 9558.
2, 3, 59
List the prime factors of 1461.
3, 487
List the prime factors of 3359.
3359
List the prime factors of 17336.
2, 11, 197
List the prime factors of 5165.
5, 1033
List the prime factors of 11279.
11279
List the prime factors of 268.
2, 67
What are the prime factors of 5000?
2, 5
List the prime factors of 79073.
107, 739
What are the prime factors of 565?
5, 113
What are the prime factors of 70772?
2, 13, 1361
What are the prime factors of 3104?
2, 97
List the prime factors of 696.
2, 3, 29
List the prime factors of 756.
2, 3, 7
List the prime factors of 37500.
2, 3, 5
List the prime factors of 10215.
3, 5, 227
List the prime factors of 18503.
18503
List the prime factors of 36966.
2, 3, 61, 101
What are the prime factors of 6058?
2, 13, 233
What are the prime factors of 499?
499
What are the prime factors of 1263?
3, 421
List the prime factors of 15875.
5, 127
What are the prime factors of 63856?
2, 13, 307
What are the prime factors of 1928?
2, 241
What are the prime factors of 10352?
2, 647
What are the prime factors of 1990?
2, 5, 199
List the prime factors of 117681.
3, 39227
List the prime factors of 41195.
5, 7, 11, 107
List the prime factors of 22060.
2, 5, 1103
List the prime factors of 1265.
5, 11, 23
List the prime factors of 9755.
5, 1